Let h(u) = -164*u**3 + 2*u**2 - 1. Let j be 1/(2 + -6 + 3). Let d be h(j). Calculate the greatest common factor of 15 and d.
15
Let r be -1*(2/2 - 2). Let z(m) = m**2 - m. Let j be z(4). Suppose 6*t - j = 3*t. Calculate the highest common divisor of r and t.
1
Let o = -10 - -17. Calculate the highest common divisor of o and 91.
7
Let q = 9 + -2. Calculate the greatest common factor of q and 21.
7
Suppose 0*k + 5*t = 2*k - 150, 10 = 5*t. Suppose -4*g = -4*p - 144, -4*g - p + 120 = p. Calculate the greatest common factor of g and k.
16
Suppose -7*j + 65 = -2*j. Let c be 30*2/(-3)*1. Let v be 518/5 + (-8)/c. What is the greatest common divisor of v and j?
13
Suppose 0 = -14*g + 12*g + 500. What is the highest common factor of 50 and g?
50
Let f(x) = x**2 - 2*x - 11. Let l be f(-5). What is the highest common factor of 12 and l?
12
Let b(y) = 5 - 4 - 11*y + 0 + 0. Let v be b(-4). Calculate the greatest common divisor of 15 and v.
15
Let i = 48 - 12. What is the highest common divisor of i and 4?
4
Let r = 5 - -10. Let n be (-10)/r - 275/(-3). What is the highest common divisor of 13 and n?
13
Suppose -2*x + 4*x - 66 = 0. Let c be 4/(-6) - (-11)/3. Let o = 8 + c. What is the highest common factor of o and x?
11
Let r(y) be the third derivative of 1/15*y**5 + 7/24*y**4 + 5/6*y**3 + 3*y**2 + 0 + 0*y. Let m be r(-5). Calculate the greatest common factor of m and 10.
10
Let q be (-64)/(-7) + 5/(-35). Suppose 0 = 4*f + 7 + 1. Let o = q + f. What is the greatest common divisor of o and 7?
7
Suppose 5*o - o + 20 = 0. Let h(y) = -y**3 - 5*y**2 + 3. Let w be h(o). What is the highest common divisor of 33 and w?
3
Let g = -6 + -1. Let v = 14 + g. Suppose 0 = o - v - 5. What is the highest common factor of o and 24?
12
Suppose 0 = -2*s + 133 - 7. Calculate the greatest common divisor of s and 9.
9
Let a(t) = 2*t**2 + t + 1. Let m be a(-1). Calculate the greatest common divisor of 1 and m.
1
Suppose -2*r - 2*w + 22 = 0, 4*r = -2*w - 3*w + 48. Calculate the highest common factor of 35 and r.
7
Let q = 71 - 30. Suppose 29 + 43 = -3*k. Let r = k + q. Calculate the greatest common factor of r and 34.
17
Let y = -52 + 26. Let r = -15 - y. Suppose 0 = -4*u - 3*c + 63, 0 = 3*u + c - 30 - r. Calculate the greatest common divisor of 120 and u.
12
Suppose 3*j - 5*h - 21 = 0, 3*h = 4*j - 22 + 5. What is the greatest common divisor of j and 22?
2
Suppose 5 + 10 = 5*v, v - 43 = -y. Suppose -2*n = -3*n + y. Let r = 0 + 10. What is the greatest common factor of n and r?
10
Suppose -m = -5, -3*k = -2*k - 4*m - 358. What is the greatest common divisor of k and 42?
42
Suppose 3*y - 234 = -a - 2*y, -230 = -a - 3*y. What is the highest common divisor of a and 28?
28
Let s be (24/(-8))/(0 - 1). Suppose -175 = -s*a + 14. What is the highest common divisor of 7 and a?
7
Let a be 4 + (4 - 5 - -1). Suppose 2*o = 3*o. Let w(u) = u**3 - u**2 - u + 32. Let r be w(o). Calculate the highest common factor of a and r.
4
Suppose -3*j + 37 = -2*n, 2*j + n + 4*n - 12 = 0. Suppose 0 = -5*a + 5 + 10. Suppose 252 = a*q - 12. Calculate the greatest common divisor of q and j.
11
Let i be (-54)/(-15)*25/10. Let w be ((-2)/((-6)/i))/1. Let g(j) = j**3 - 4*j**2 + j + 3. Let t be g(5). What is the greatest common divisor of t and w?
3
Let o(p) = -4 - 3*p - p**2 + 2*p - 3*p + 0*p**2. Let z be o(-4). Let i(u) = -6*u - 4. Let l be i(z). What is the highest common factor of l and 30?
10
Suppose -4*i + 41 = 4*t + t, 14 = 2*t + i. Suppose -p - 44 = -3*y, -2*y - 12 + 37 = -t*p. Calculate the greatest common factor of y and 5.
5
Suppose 0 = 17*s + 2*s - 1482. Calculate the greatest common divisor of s and 195.
39
Suppose -4*r + 5*h + 461 = 0, 3*h - 128 = r - 2*r. Calculate the greatest common factor of r and 17.
17
Let d be 16/6*21/2. Suppose -4*q + 8*y + 334 = 9*y, -5*y = -q + 94. Calculate the greatest common divisor of q and d.
28
Suppose -4*p + 231 + 62 = -3*j, 4*j + 57 = p. Let c = 44 + -33. What is the greatest common factor of p and c?
11
Let k = -1 - -3. Let t(p) = -p**2 + 11*p - 10. Let h(z) = z**3 + 10*z**2 - z - 2. Let u be h(-10). Let m be t(u). What is the highest common factor of k and m?
2
Let c(p) = p**2 - p - 6. Let o be c(4). Calculate the greatest common divisor of 42 and o.
6
Let o be (-1 - -13)*7/14. Let w(p) = p**2 - 5*p - 3. Let g be w(o). Calculate the greatest common factor of 1 and g.
1
Let b = -2 + 5. Suppose w = 5*w + 4. Let l be 6 + (0 - 2) + w. Calculate the greatest common divisor of b and l.
3
Suppose 6 = -3*w + 15. Suppose 0*s = -2*z + 2*s + 30, w*s = -5*z + 83. Calculate the highest common factor of 24 and z.
8
Let w(z) = 2*z**2 + 6*z + 4. Let b be w(-5). Calculate the greatest common divisor of b and 18.
6
Suppose 2 = -4*z + 42. What is the highest common factor of 80 and z?
10
Let r = -6 - -18. Let x be (-88)/(-6)*54/r. Calculate the greatest common factor of x and 6.
6
Let t = -50 + 125. Calculate the highest common factor of t and 50.
25
Let g(o) = 3*o - 3. Let l be g(2). Suppose -2*u + 105 = 2*u + 5*x, -x - 55 = -l*u. Let h = 243 - 103. Calculate the highest common divisor of h and u.
20
Suppose -5*x + 4*x = -130. Calculate the highest common divisor of x and 26.
26
Let s be (14/21)/((-3)/(-63)). Let h(v) = -v**3 + 7*v**2 + 4*v + 7. Let k be h(7). What is the highest common factor of k and s?
7
Let m be 1 - (-2 + -7)/1. Let z = -246 + 546. Suppose -3*w - z = -8*w. What is the greatest common factor of w and m?
10
Let n(p) = 36*p + 8. Let i be n(6). Let z be (6/4)/(12/i). What is the highest common divisor of 70 and z?
14
Let t be -2 - 6*(-4)/8. What is the greatest common factor of t and 8?
1
Suppose 0 = -97*m + 100*m - 165. What is the greatest common divisor of m and 55?
55
Let g(d) be the second derivative of -13*d**3/6 + d**2 + 4*d. Let x be 5/15 + (-7)/3. Let q be g(x). Calculate the greatest common factor of q and 7.
7
Let b = -49 - -91. Let w be ((-8)/10)/(6/(-45)). What is the greatest common factor of w and b?
6
Let m = 7 - 7. Suppose 0 = u - 2, 7*z - 4*z - 4*u + 5 = m. Calculate the highest common factor of z and 7.
1
Let j = 16 - 9. Let a(l) = -l**2 + 11*l + 5. Let t be a(6). Calculate the highest common divisor of t and j.
7
Let n(c) = c**2 + 7*c + 5. Let h be n(-6). Let r(j) = 2*j - 5*j**2 + 1 + 4*j**2 + j**2 - 37*j**3. Let t be r(h). What is the greatest common factor of 9 and t?
9
Let y(z) = 2*z**2 - 7*z + 17. Let u be y(4). What is the highest common factor of u and 14?
7
Let f(t) = 2*t**3 + 27*t**2 + 27*t - 17. Let w be f(-12). What is the highest common divisor of w and 21?
7
Let t(a) = -a - 8. Let l be t(-6). Let c be (-1)/((l + -1)/51). What is the greatest common factor of c and 51?
17
Let n(j) = -2*j + 4. Let v be n(-4). What is the greatest common factor of v and 96?
12
Suppose 2*k = -1 + 5. Suppose -k*m = -7*m + 120. Suppose -2*g = -g - 8. Calculate the greatest common factor of g and m.
8
Let x = 32 - 18. Suppose 2*c = 349 + 63. Suppose 0 = v - c + 52. Calculate the highest common divisor of x and v.
14
Suppose -6*z - 32 = -92. Calculate the greatest common divisor of 2 and z.
2
Suppose -5*d + i + 14 = 0, 5 = 2*d - 2*i + i. Suppose d*y + 3 + 9 = 0, -2*n + y + 4 = 0. Suppose -5 = -l - n. What is the highest common divisor of 35 and l?
5
Let o be (-3)/(0 + 1/(-10)). Calculate the greatest common factor of o and 15.
15
Let g(c) = 2*c**3 + c**2 + 4*c + 3. Let n be g(3). What is the greatest common factor of 6 and n?
6
Let u = 78 + -55. What is the highest common factor of u and 207?
23
Let b be (0 + 1 - 2) + 300/12. What is the greatest common divisor of b and 216?
24
Suppose 0 = -5*w + 2*r - 330, 0*w - 3*r + 207 = -3*w. Let j be (w/6)/((-4)/(-12)). Let z = 8 - j. Calculate the highest common factor of 10 and z.
10
Let z(y) = -y**3 - y**2. Let t be z(-1). Suppose t = 5*x - 2 - 23. What is the greatest common factor of 35 and x?
5
Suppose -d = -3*d - 3*b + 114, -4*b + 8 = 0. Let v(r) = r**2 + 4*r - 6. Let z be v(2). Calculate the highest common divisor of d and z.
6
Let i = -42 - -74. Let h = 21 - 17. What is the greatest common factor of i and h?
4
Let x = -162 - -175. What is the highest common divisor of x and 26?
13
Let b be 0 + (-2115)/(-12) - (-5)/(-20). Calculate the highest common divisor of b and 16.
16
Let c = -1 - -3. Suppose -165*g + 16